{"id":1093,"date":"2025-01-07T17:27:54","date_gmt":"2025-01-07T17:27:54","guid":{"rendered":"https:\/\/krimperium.shop\/?post_type=product&#038;p=1093"},"modified":"2025-01-07T17:34:42","modified_gmt":"2025-01-07T17:34:42","slug":"audifonos-inalambricos-7-1-corsair-void-elite-white","status":"publish","type":"product","link":"https:\/\/krimperium.shop\/?product=audifonos-inalambricos-7-1-corsair-void-elite-white","title":{"rendered":"Aud\u00edfonos Inal\u00e1mbricos 7.1 Corsair Void Elite &#8211; White"},"content":{"rendered":"<p>ESPECIFICACIONES T\u00c9CNICAS:<\/p>\n<p>\u2022 Alcance inal\u00e1mbrico de 12 m.<br \/>\n\u2022 La bater\u00eda dura 16 h.<br \/>\n\u2022 Con cancelaci\u00f3n de ruido.<br \/>\n\u2022 Con micr\u00f3fono incorporado.<br \/>\n\u2022 Formato del aud\u00edfono : Over-ear<br \/>\n\u2022 Sonido superior y sin l\u00edmites.<br \/>\n\u2022 C\u00f3modos y pr\u00e1cticos.<br \/>\n\u2022 Garantia 6 Meses<\/p>\n","protected":false},"excerpt":{"rendered":"<p>Un Best-Seller Aclamado, Y Con Raz\u00f3n. El Kumara<br \/>\nEs Un Teclado Mec\u00e1nico TKL (Sin Pad Num\u00e9rico);<br \/>\nCompacto, Pero Ampliamente Funcional. Y Fuerte<br \/>\n\u2014Muy Fuerte\u2014, Gracias A Que Su Estructura Est\u00e1<br \/>\nReforzada Con Acero. Es Virtualmente Irrompible<br \/>\nY Tiene Una Durabilidad Extraordinaria.<\/p>\n","protected":false},"featured_media":1163,"comment_status":"closed","ping_status":"closed","template":"","meta":[],"product_brand":[],"product_cat":[27,29],"product_tag":[],"class_list":{"0":"post-1093","1":"product","2":"type-product","3":"status-publish","4":"has-post-thumbnail","6":"product_cat-diademas","7":"product_cat-inalambricas","9":"first","10":"instock","11":"sale","12":"shipping-taxable","13":"purchasable","14":"product-type-simple"},"_links":{"self":[{"href":"https:\/\/krimperium.shop\/index.php?rest_route=\/wp\/v2\/product\/1093","targetHints":{"allow":["GET"]}}],"collection":[{"href":"https:\/\/krimperium.shop\/index.php?rest_route=\/wp\/v2\/product"}],"about":[{"href":"https:\/\/krimperium.shop\/index.php?rest_route=\/wp\/v2\/types\/product"}],"replies":[{"embeddable":true,"href":"https:\/\/krimperium.shop\/index.php?rest_route=%2Fwp%2Fv2%2Fcomments&post=1093"}],"wp:featuredmedia":[{"embeddable":true,"href":"https:\/\/krimperium.shop\/index.php?rest_route=\/wp\/v2\/media\/1163"}],"wp:attachment":[{"href":"https:\/\/krimperium.shop\/index.php?rest_route=%2Fwp%2Fv2%2Fmedia&parent=1093"}],"wp:term":[{"taxonomy":"product_brand","embeddable":true,"href":"https:\/\/krimperium.shop\/index.php?rest_route=%2Fwp%2Fv2%2Fproduct_brand&post=1093"},{"taxonomy":"product_cat","embeddable":true,"href":"https:\/\/krimperium.shop\/index.php?rest_route=%2Fwp%2Fv2%2Fproduct_cat&post=1093"},{"taxonomy":"product_tag","embeddable":true,"href":"https:\/\/krimperium.shop\/index.php?rest_route=%2Fwp%2Fv2%2Fproduct_tag&post=1093"}],"curies":[{"name":"wp","href":"https:\/\/api.w.org\/{rel}","templated":true}]}}