{"id":1265,"date":"2025-01-07T17:47:02","date_gmt":"2025-01-07T17:47:02","guid":{"rendered":"https:\/\/krimperium.shop\/?post_type=product&#038;p=1265"},"modified":"2025-01-07T17:55:50","modified_gmt":"2025-01-07T17:55:50","slug":"alfombrilla-mouse-pad-xl-iluminacion-rgb","status":"publish","type":"product","link":"https:\/\/krimperium.shop\/?product=alfombrilla-mouse-pad-xl-iluminacion-rgb","title":{"rendered":"Alfombrilla \/  Mouse Pad XL Iluminaci\u00f3n RGB"},"content":{"rendered":"<p>ESPECIFICACIONES T\u00c9CNICAS:<\/p>\n<p>\u2022\u00a0Superficie impermeable.<\/p>\n<p>La alfombrilla de rat\u00f3n RGB est\u00e1 tejida con material de microfibra, lo que lo hace impermeable y con bloqueo de color. Es eficaz para evitar da\u00f1os en bebidas derramadas u otros l\u00edquidos y es f\u00e1cil de limpiar con agua sin decoloraci\u00f3n.<\/p>\n<p>\u2022 Durabilidad superior<\/p>\n<p>Los bordes reforzados de nailon doble proporcionan protecci\u00f3n de m\u00faltiples capas, sin pelusas y delaminaci\u00f3n, evitando eficazmente el desgaste, la deformaci\u00f3n y el degum.<\/p>\n<p>\u2022 Suave y c\u00f3modo.<\/p>\n<p>Hecho de goma natural de alta elasticidad y 0.157 in de grosor para una excelente suavidad, asegurando que tus mu\u00f1ecas sean m\u00e1s c\u00f3modas que con otras almohadillas de rat\u00f3n delgadas o duras.<\/p>\n<p>\u2022 Memoria autom\u00e1tica<\/p>\n<p>La alfombrilla de rat\u00f3n RGB puede memorizar autom\u00e1ticamente su \u00faltimo modo de luz despu\u00e9s del apagado. No es necesario ajustar de nuevo cuando lo enciendas la pr\u00f3xima vez.<\/p>\n<p>\u2022 Brillo ajustable<\/p>\n<p>Haga clic en el bot\u00f3n de interruptor de luz para configurar el modo de luz, haga doble clic para ajustar el brillo, admite dos tipos de brillo, puede ajustar el brillo de la alfombrilla de rat\u00f3n de acuerdo con el brillo de la habitaci\u00f3n.<\/p>\n<p>\u2022 El paquete incluye:<\/p>\n<p>1 alfombrilla de rat\u00f3n RGB.<\/p>\n<p>1 cable USB.<\/p>\n<p>1 manual de usuario.<\/p>\n<p>MEDIDAS :<\/p>\n<p>\u2022 largo : 80 cm<br \/>\n\u2022 ancho : 30 cm<br \/>\n\u2022 alto : 3ml<br \/>\n\u2022 Garant\u00eda : 6 Meses<\/p>\n","protected":false},"excerpt":{"rendered":"<p>Un Best-Seller Aclamado, Y Con Raz\u00f3n. El Kumara<br \/>\nEs Un Teclado Mec\u00e1nico TKL (Sin Pad Num\u00e9rico);<br \/>\nCompacto, Pero Ampliamente Funcional. Y Fuerte<br \/>\n\u2014Muy Fuerte\u2014, Gracias A Que Su Estructura Est\u00e1<br \/>\nReforzada Con Acero. Es Virtualmente Irrompible<br \/>\nY Tiene Una Durabilidad Extraordinaria.<\/p>\n","protected":false},"featured_media":1346,"comment_status":"closed","ping_status":"closed","template":"","meta":[],"product_brand":[],"product_cat":[33],"product_tag":[],"class_list":{"0":"post-1265","1":"product","2":"type-product","3":"status-publish","4":"has-post-thumbnail","6":"product_cat-mouse-pads","8":"first","9":"instock","10":"sale","11":"shipping-taxable","12":"purchasable","13":"product-type-simple"},"_links":{"self":[{"href":"https:\/\/krimperium.shop\/index.php?rest_route=\/wp\/v2\/product\/1265","targetHints":{"allow":["GET"]}}],"collection":[{"href":"https:\/\/krimperium.shop\/index.php?rest_route=\/wp\/v2\/product"}],"about":[{"href":"https:\/\/krimperium.shop\/index.php?rest_route=\/wp\/v2\/types\/product"}],"replies":[{"embeddable":true,"href":"https:\/\/krimperium.shop\/index.php?rest_route=%2Fwp%2Fv2%2Fcomments&post=1265"}],"wp:featuredmedia":[{"embeddable":true,"href":"https:\/\/krimperium.shop\/index.php?rest_route=\/wp\/v2\/media\/1346"}],"wp:attachment":[{"href":"https:\/\/krimperium.shop\/index.php?rest_route=%2Fwp%2Fv2%2Fmedia&parent=1265"}],"wp:term":[{"taxonomy":"product_brand","embeddable":true,"href":"https:\/\/krimperium.shop\/index.php?rest_route=%2Fwp%2Fv2%2Fproduct_brand&post=1265"},{"taxonomy":"product_cat","embeddable":true,"href":"https:\/\/krimperium.shop\/index.php?rest_route=%2Fwp%2Fv2%2Fproduct_cat&post=1265"},{"taxonomy":"product_tag","embeddable":true,"href":"https:\/\/krimperium.shop\/index.php?rest_route=%2Fwp%2Fv2%2Fproduct_tag&post=1265"}],"curies":[{"name":"wp","href":"https:\/\/api.w.org\/{rel}","templated":true}]}}