{"id":1270,"date":"2025-01-07T17:47:02","date_gmt":"2025-01-07T17:47:02","guid":{"rendered":"https:\/\/krimperium.shop\/?post_type=product&#038;p=1270"},"modified":"2025-01-07T17:58:54","modified_gmt":"2025-01-07T17:58:54","slug":"logitech-g435-negro","status":"publish","type":"product","link":"https:\/\/krimperium.shop\/?product=logitech-g435-negro","title":{"rendered":"LOGITECH G435 NEGRO"},"content":{"rendered":"<p>ESPECIFICACIONES T\u00c9CNICAS:<\/p>\n<p>Logitech G435<\/p>\n<p>Para tus juegos individuales, para el juego con amigos, para m\u00fasica. Los auriculares con micr\u00f3fono G435 para gaming se conectan a tu PC, tu m\u00f3vil y otros dispositivos mediante tecnolog\u00eda inal\u00e1mbrica LIGHTSPEED para gaming y Bluetooth\u00ae. Ofrecen un sonido n\u00edtido y potente, y los micr\u00f3fonos con formaci\u00f3n de haces reducen el ruido de fondo. Adem\u00e1s est\u00e1n hechos con un m\u00ednimo de 22% de pl\u00e1stico reciclado posconsumo. Con los G435 la diversi\u00f3n es constante.<\/p>\n<p>M\u00c1S LIBERTAD<br \/>\n\u2022 CONECTIVIDAD LIGHTSPEED Y BLUETOOTH<br \/>\n\u2022 Peso : 165G LIGEROS<br \/>\n\u2022 Duraci\u00f3n De Bater\u00eda : 18 Horas<br \/>\n\u2022 Bluetooth: Dispositivos con conectividad de audio Bluetooth &#8211; Receptor USB<br \/>\n\u2022 Compatibles Dolby Atmos, Tempest 3D AudioTech y Windows Sonic Spatial Sound<br \/>\n\u2022 DOS MICR\u00d3FONOS DE FORMACI\u00d3N DE HACES INTEGRADOS: Respuesta de frecuencia: 100 Hz &#8211; 8 kHz<br \/>\n\u2022 Puerto de carga: USB-C<br \/>\n\u2022 Cable de carga: USB-A a USB-C<br \/>\n\u2022 Garant\u00eda : 12 Meses<\/p>\n<p>\u2022 COMPATIBILIDAD:<br \/>\nTecnolog\u00eda inal\u00e1mbrica LIGHTSPEED: Puerto USB 2.0 (puerto tipo A). PC con Windows\u00ae 10 o posteriores, macOS X 10.14 o posteriores, PlayStation 5 o PlayStation 4<\/p>\n","protected":false},"excerpt":{"rendered":"<p>Un Best-Seller Aclamado, Y Con Raz\u00f3n. El Kumara<br \/>\nEs Un Teclado Mec\u00e1nico TKL (Sin Pad Num\u00e9rico);<br \/>\nCompacto, Pero Ampliamente Funcional. Y Fuerte<br \/>\n\u2014Muy Fuerte\u2014, Gracias A Que Su Estructura Est\u00e1<br \/>\nReforzada Con Acero. Es Virtualmente Irrompible<br \/>\nY Tiene Una Durabilidad Extraordinaria.<\/p>\n","protected":false},"featured_media":1361,"comment_status":"closed","ping_status":"closed","template":"","meta":[],"product_brand":[],"product_cat":[27,29,26],"product_tag":[],"class_list":{"0":"post-1270","1":"product","2":"type-product","3":"status-publish","4":"has-post-thumbnail","6":"product_cat-diademas","7":"product_cat-inalambricas","8":"product_cat-producto","10":"first","11":"instock","12":"sale","13":"shipping-taxable","14":"purchasable","15":"product-type-variable"},"_links":{"self":[{"href":"https:\/\/krimperium.shop\/index.php?rest_route=\/wp\/v2\/product\/1270","targetHints":{"allow":["GET"]}}],"collection":[{"href":"https:\/\/krimperium.shop\/index.php?rest_route=\/wp\/v2\/product"}],"about":[{"href":"https:\/\/krimperium.shop\/index.php?rest_route=\/wp\/v2\/types\/product"}],"replies":[{"embeddable":true,"href":"https:\/\/krimperium.shop\/index.php?rest_route=%2Fwp%2Fv2%2Fcomments&post=1270"}],"wp:featuredmedia":[{"embeddable":true,"href":"https:\/\/krimperium.shop\/index.php?rest_route=\/wp\/v2\/media\/1361"}],"wp:attachment":[{"href":"https:\/\/krimperium.shop\/index.php?rest_route=%2Fwp%2Fv2%2Fmedia&parent=1270"}],"wp:term":[{"taxonomy":"product_brand","embeddable":true,"href":"https:\/\/krimperium.shop\/index.php?rest_route=%2Fwp%2Fv2%2Fproduct_brand&post=1270"},{"taxonomy":"product_cat","embeddable":true,"href":"https:\/\/krimperium.shop\/index.php?rest_route=%2Fwp%2Fv2%2Fproduct_cat&post=1270"},{"taxonomy":"product_tag","embeddable":true,"href":"https:\/\/krimperium.shop\/index.php?rest_route=%2Fwp%2Fv2%2Fproduct_tag&post=1270"}],"curies":[{"name":"wp","href":"https:\/\/api.w.org\/{rel}","templated":true}]}}