{"id":1442,"date":"2025-01-07T18:06:37","date_gmt":"2025-01-07T18:06:37","guid":{"rendered":"https:\/\/krimperium.shop\/?post_type=product&#038;p=1442"},"modified":"2025-01-07T18:21:47","modified_gmt":"2025-01-07T18:21:47","slug":"mouse-gamer-thor-x9-fantech-4800dpi-rgb","status":"publish","type":"product","link":"https:\/\/krimperium.shop\/?product=mouse-gamer-thor-x9-fantech-4800dpi-rgb","title":{"rendered":"Mouse Gamer Thor X9 Fantech 4800dpi Rgb"},"content":{"rendered":"<p>\u2022 Dise\u00f1ado con 7 botones programables para su asignaci\u00f3n de macros con software que guarda hasta 5 perfiles<br \/>\n\u2022 admite la secuencia de comandos del bot\u00f3n izquierdo y la edici\u00f3n diferida, Ajuste las luces THOR X9 RGB<br \/>\n\u2022 la asignaci\u00f3n de botones, la edici\u00f3n de macros, la sensibilidad y otras funciones a trav\u00e9s de nuestro software PERSONALIZATION +.<br \/>\n\u2022 DPI: 200-4,800<br \/>\n\u2022 IPS: 60\/15G<br \/>\n\u2022 Polling Rate: 1000Hz<\/p>\n","protected":false},"excerpt":{"rendered":"<p>\u2022 Dise\u00f1ado con 7 botones programables para su asignaci\u00f3n de macros con software que guarda hasta 5 perfiles \u2022 admite la secuencia de comandos del bot\u00f3n izquierdo y la edici\u00f3n diferida, Ajuste las luces THOR X9 RGB \u2022 la asignaci\u00f3n de botones, la edici\u00f3n de macros, la sensibilidad y otras funciones a trav\u00e9s de nuestro [&hellip;]<\/p>\n","protected":false},"featured_media":1531,"comment_status":"closed","ping_status":"closed","template":"","meta":[],"product_brand":[],"product_cat":[30],"product_tag":[],"class_list":{"0":"post-1442","1":"product","2":"type-product","3":"status-publish","4":"has-post-thumbnail","6":"product_cat-mouses","8":"first","9":"instock","10":"sale","11":"shipping-taxable","12":"purchasable","13":"product-type-simple"},"_links":{"self":[{"href":"https:\/\/krimperium.shop\/index.php?rest_route=\/wp\/v2\/product\/1442","targetHints":{"allow":["GET"]}}],"collection":[{"href":"https:\/\/krimperium.shop\/index.php?rest_route=\/wp\/v2\/product"}],"about":[{"href":"https:\/\/krimperium.shop\/index.php?rest_route=\/wp\/v2\/types\/product"}],"replies":[{"embeddable":true,"href":"https:\/\/krimperium.shop\/index.php?rest_route=%2Fwp%2Fv2%2Fcomments&post=1442"}],"wp:featuredmedia":[{"embeddable":true,"href":"https:\/\/krimperium.shop\/index.php?rest_route=\/wp\/v2\/media\/1531"}],"wp:attachment":[{"href":"https:\/\/krimperium.shop\/index.php?rest_route=%2Fwp%2Fv2%2Fmedia&parent=1442"}],"wp:term":[{"taxonomy":"product_brand","embeddable":true,"href":"https:\/\/krimperium.shop\/index.php?rest_route=%2Fwp%2Fv2%2Fproduct_brand&post=1442"},{"taxonomy":"product_cat","embeddable":true,"href":"https:\/\/krimperium.shop\/index.php?rest_route=%2Fwp%2Fv2%2Fproduct_cat&post=1442"},{"taxonomy":"product_tag","embeddable":true,"href":"https:\/\/krimperium.shop\/index.php?rest_route=%2Fwp%2Fv2%2Fproduct_tag&post=1442"}],"curies":[{"name":"wp","href":"https:\/\/api.w.org\/{rel}","templated":true}]}}