{"id":1624,"date":"2025-01-07T18:37:57","date_gmt":"2025-01-07T18:37:57","guid":{"rendered":"https:\/\/krimperium.shop\/?post_type=product&#038;p=1624"},"modified":"2025-01-07T19:02:49","modified_gmt":"2025-01-07T19:02:49","slug":"hk8-pro-max-smartwatch-pantalla-amoled-49mm","status":"publish","type":"product","link":"https:\/\/krimperium.shop\/?product=hk8-pro-max-smartwatch-pantalla-amoled-49mm","title":{"rendered":"Hk8 Pro Max Smartwatch Pantalla Amoled 49mm"},"content":{"rendered":"<p>1. Pantalla AMOLED Real, trae un efecto de Visualizaci\u00f3n muy superior al de otros modelos en el mercado.<br \/>\n2. Alta frecuencia de actualizaci\u00f3n<br \/>\n3. 3. Br\u00fajula incorporada para exploraci\u00f3n al aire libre.<br \/>\n4. El chip SF32LB551 m\u00e1s nuevo, con procesador de doble n\u00facleo de alto rendimiento, alto rendimiento integrado, motor de gr\u00e1ficos 2D y acelerador de red neutra de inteligencia artificial.<br \/>\n&#8212;&#8212;&#8212;&#8212;&#8212;&#8212;&#8212;&#8212;&#8212;&#8212;&#8212;&#8212;&#8212;&#8212;&#8212;&#8212;&#8212;&#8212;&#8212;&#8212;&#8212;&#8212;&#8212;&#8212;&#8212;&#8212;&#8212;&#8212;&#8212;&#8212;&#8212;&#8212;&#8212;&#8212;&#8212;&#8212;&#8212;&#8212;&#8212;&#8212;&#8212;&#8212;&#8212;&#8212;-<\/p>\n<p>Especificaciones<br \/>\n\u2022 Pantalla de visualizaci\u00f3n: Pantalla t\u00e1ctil completa AMOLED de 2,2 pulgadas,<br \/>\n\u2022 Resoluci\u00f3n: 485*520<br \/>\n\u2022 Chip : SF32LB551 1,4 MB<br \/>\n\u2022 BT versi\u00f3n: 5,2<br \/>\n\u2022 Memoria: 128M<br \/>\n\u2022 Sistemas compatibles: Android 5,0 (superior), para IOS10.0 (incluido) y superior<br \/>\n\u2022 Capacidad de la bater\u00eda: 450mAh<br \/>\n\u2022 Frecuencia de actualizaci\u00f3n: 240MHz + 48MHz<br \/>\n\u2022 RAM : 256mb<br \/>\n\u2022 Caso: aleaci\u00f3n de titanio<br \/>\n\u2022 Clasificaci\u00f3n impermeable: IP68<br \/>\n\u2022 Forma de carga: carga inal\u00e1mbrica<br \/>\n\u2022 Tiempo de vida: Uso de 3 a 5 d\u00edas, en espera de 7 d\u00edas<br \/>\n\u2022 Aplicaci\u00f3n: Wearfit Pro<br \/>\n\u2022 Tama\u00f1o: 49mm<br \/>\n\u2022 Especificaciones del cargador: 5V CC<\/p>\n","protected":false},"excerpt":{"rendered":"<p>1. Pantalla AMOLED Real, trae un efecto de Visualizaci\u00f3n muy superior al de otros modelos en el mercado. 2. Alta frecuencia de actualizaci\u00f3n 3. 3. Br\u00fajula incorporada para exploraci\u00f3n al aire libre. 4. El chip SF32LB551 m\u00e1s nuevo, con procesador de doble n\u00facleo de alto rendimiento, alto rendimiento integrado, motor de gr\u00e1ficos 2D y acelerador [&hellip;]<\/p>\n","protected":false},"featured_media":1717,"comment_status":"closed","ping_status":"closed","template":"","meta":[],"product_brand":[],"product_cat":[37,50],"product_tag":[],"class_list":{"0":"post-1624","1":"product","2":"type-product","3":"status-publish","4":"has-post-thumbnail","6":"product_cat-accesorios","7":"product_cat-smartwatchs-relojes","9":"first","10":"instock","11":"sale","12":"shipping-taxable","13":"purchasable","14":"product-type-variable"},"_links":{"self":[{"href":"https:\/\/krimperium.shop\/index.php?rest_route=\/wp\/v2\/product\/1624","targetHints":{"allow":["GET"]}}],"collection":[{"href":"https:\/\/krimperium.shop\/index.php?rest_route=\/wp\/v2\/product"}],"about":[{"href":"https:\/\/krimperium.shop\/index.php?rest_route=\/wp\/v2\/types\/product"}],"replies":[{"embeddable":true,"href":"https:\/\/krimperium.shop\/index.php?rest_route=%2Fwp%2Fv2%2Fcomments&post=1624"}],"wp:featuredmedia":[{"embeddable":true,"href":"https:\/\/krimperium.shop\/index.php?rest_route=\/wp\/v2\/media\/1717"}],"wp:attachment":[{"href":"https:\/\/krimperium.shop\/index.php?rest_route=%2Fwp%2Fv2%2Fmedia&parent=1624"}],"wp:term":[{"taxonomy":"product_brand","embeddable":true,"href":"https:\/\/krimperium.shop\/index.php?rest_route=%2Fwp%2Fv2%2Fproduct_brand&post=1624"},{"taxonomy":"product_cat","embeddable":true,"href":"https:\/\/krimperium.shop\/index.php?rest_route=%2Fwp%2Fv2%2Fproduct_cat&post=1624"},{"taxonomy":"product_tag","embeddable":true,"href":"https:\/\/krimperium.shop\/index.php?rest_route=%2Fwp%2Fv2%2Fproduct_tag&post=1624"}],"curies":[{"name":"wp","href":"https:\/\/api.w.org\/{rel}","templated":true}]}}