{"id":1639,"date":"2025-01-07T18:41:22","date_gmt":"2025-01-07T18:41:22","guid":{"rendered":"https:\/\/krimperium.shop\/?post_type=product&#038;p=1639"},"modified":"2025-01-07T18:51:46","modified_gmt":"2025-01-07T18:51:46","slug":"audifonos-in-ear-xiaomi-redmi-buds-3-blanco","status":"publish","type":"product","link":"https:\/\/krimperium.shop\/?product=audifonos-in-ear-xiaomi-redmi-buds-3-blanco","title":{"rendered":"Aud\u00edfonos in-ear Xiaomi Redmi Buds 3 Blanco"},"content":{"rendered":"<p>\u2022 Cuenta con tecnolog\u00eda True Wireless.<br \/>\n\u2022 Alcance inal\u00e1mbrico de 10 m.<br \/>\n\u2022 La bater\u00eda dura 5 h.<br \/>\n\u2022 Modo manos libres incluido.<br \/>\n\u2022 Con estuche de carga.<br \/>\n\u2022 Con micr\u00f3fono incorporado.<br \/>\n\u2022 Resistentes al agua y al polvo.<br \/>\n\u2022 Su clasificaci\u00f3n IP es IP54.<br \/>\n\u2022 Sonido superior y sin l\u00edmites.<br \/>\n\u2022 C\u00f3modos y pr\u00e1cticos.<br \/>\n\u2022 La duraci\u00f3n de la bater\u00eda depende del uso que se le d\u00e9 al producto.<br \/>\n\u2022 Tama\u00f1o del altavoz: 12mm<\/p>\n<p>El formato perfecto para ti<br \/>\nAl ser in-ear, mejoran la calidad del audio y son de tama\u00f1o peque\u00f1o para poder insertarse en tu oreja. Son ideales para acompa\u00f1arte a la hora de hacer ejercicio mientras te sumerges en el mejor sonido envolvente.<\/p>\n<p>Wireless al 100%<br \/>\nA diferencia de otras conectividades, este dispositivo est\u00e1 fabricado con tecnolog\u00eda TWS (True Wireless Stereo). La misma permite una conexi\u00f3n inal\u00e1mbrica total y funciona sin un solo cable entre pares. Con ella podr\u00e1s disfrutar del entorno sonoro sin necesidad de estar pendiente de conexiones f\u00edsicas.<\/p>\n","protected":false},"excerpt":{"rendered":"<p>\u2022 Cuenta con tecnolog\u00eda True Wireless. \u2022 Alcance inal\u00e1mbrico de 10 m. \u2022 La bater\u00eda dura 5 h. \u2022 Modo manos libres incluido. \u2022 Con estuche de carga. \u2022 Con micr\u00f3fono incorporado. \u2022 Resistentes al agua y al polvo. \u2022 Su clasificaci\u00f3n IP es IP54. \u2022 Sonido superior y sin l\u00edmites. \u2022 C\u00f3modos y pr\u00e1cticos. [&hellip;]<\/p>\n","protected":false},"featured_media":1730,"comment_status":"closed","ping_status":"closed","template":"","meta":[],"product_brand":[],"product_cat":[27,29],"product_tag":[],"class_list":{"0":"post-1639","1":"product","2":"type-product","3":"status-publish","4":"has-post-thumbnail","6":"product_cat-diademas","7":"product_cat-inalambricas","9":"first","10":"instock","11":"sale","12":"shipping-taxable","13":"purchasable","14":"product-type-simple"},"_links":{"self":[{"href":"https:\/\/krimperium.shop\/index.php?rest_route=\/wp\/v2\/product\/1639","targetHints":{"allow":["GET"]}}],"collection":[{"href":"https:\/\/krimperium.shop\/index.php?rest_route=\/wp\/v2\/product"}],"about":[{"href":"https:\/\/krimperium.shop\/index.php?rest_route=\/wp\/v2\/types\/product"}],"replies":[{"embeddable":true,"href":"https:\/\/krimperium.shop\/index.php?rest_route=%2Fwp%2Fv2%2Fcomments&post=1639"}],"wp:featuredmedia":[{"embeddable":true,"href":"https:\/\/krimperium.shop\/index.php?rest_route=\/wp\/v2\/media\/1730"}],"wp:attachment":[{"href":"https:\/\/krimperium.shop\/index.php?rest_route=%2Fwp%2Fv2%2Fmedia&parent=1639"}],"wp:term":[{"taxonomy":"product_brand","embeddable":true,"href":"https:\/\/krimperium.shop\/index.php?rest_route=%2Fwp%2Fv2%2Fproduct_brand&post=1639"},{"taxonomy":"product_cat","embeddable":true,"href":"https:\/\/krimperium.shop\/index.php?rest_route=%2Fwp%2Fv2%2Fproduct_cat&post=1639"},{"taxonomy":"product_tag","embeddable":true,"href":"https:\/\/krimperium.shop\/index.php?rest_route=%2Fwp%2Fv2%2Fproduct_tag&post=1639"}],"curies":[{"name":"wp","href":"https:\/\/api.w.org\/{rel}","templated":true}]}}