{"id":1711,"date":"2025-01-07T18:49:39","date_gmt":"2025-01-07T18:49:39","guid":{"rendered":"https:\/\/krimperium.shop\/?post_type=product&#038;p=1711"},"modified":"2025-01-07T18:58:07","modified_gmt":"2025-01-07T18:58:07","slug":"camara-web-h703-full-hd-1080-30fps-autofoco","status":"publish","type":"product","link":"https:\/\/krimperium.shop\/?product=camara-web-h703-full-hd-1080-30fps-autofoco","title":{"rendered":"Camara Web H703 Full HD 1080 30FPS &#8211; Autofoco"},"content":{"rendered":"<div class=\"text-title\">\n<p>\u2022 C\u00e1mara web de enfoque autom\u00e1tico full hd 1080p<br \/>\n\u2022 P\u00edxel del sensor: 2,0 M p\u00edxeles<br \/>\n\u2022 Resoluci\u00f3n de 1920x1080p 30 fps<br \/>\n\u2022 Modelo: H703<br \/>\n\u2022\u00a0Lente de autoenfoque<br \/>\n\u2022Micr\u00f3fonos est\u00e9reo duales con cancelaci\u00f3n de ruido integrados, recogida de 3-5 metros<br \/>\n\u2022\u00a0Webcam 1080p con cubierta de privacidad<br \/>\n\u2022\u00a0Montaje flexible, rotaci\u00f3n de 360 grados y tr\u00edpode de soporte<br \/>\n\u2022 Molde patentado, certificado CE FCC ROHS EMC, etc.<\/p>\n<p>\u2022 Contenido de la caja<br \/>\n\u2022 1 x c\u00e1mara web<br \/>\n\u2022 1 x manual de usuario<\/p>\n<\/div>\n","protected":false},"excerpt":{"rendered":"<p>\u2022 C\u00e1mara web de enfoque autom\u00e1tico full hd 1080p \u2022 P\u00edxel del sensor: 2,0 M p\u00edxeles \u2022 Resoluci\u00f3n de 1920x1080p 30 fps \u2022 Modelo: H703 \u2022\u00a0Lente de autoenfoque \u2022Micr\u00f3fonos est\u00e9reo duales con cancelaci\u00f3n de ruido integrados, recogida de 3-5 metros \u2022\u00a0Webcam 1080p con cubierta de privacidad \u2022\u00a0Montaje flexible, rotaci\u00f3n de 360 grados y tr\u00edpode de [&hellip;]<\/p>\n","protected":false},"featured_media":1790,"comment_status":"closed","ping_status":"closed","template":"","meta":[],"product_brand":[],"product_cat":[37,52,26],"product_tag":[],"class_list":{"0":"post-1711","1":"product","2":"type-product","3":"status-publish","4":"has-post-thumbnail","6":"product_cat-accesorios","7":"product_cat-camaras-web","8":"product_cat-producto","10":"first","11":"instock","12":"sale","13":"shipping-taxable","14":"purchasable","15":"product-type-simple"},"_links":{"self":[{"href":"https:\/\/krimperium.shop\/index.php?rest_route=\/wp\/v2\/product\/1711","targetHints":{"allow":["GET"]}}],"collection":[{"href":"https:\/\/krimperium.shop\/index.php?rest_route=\/wp\/v2\/product"}],"about":[{"href":"https:\/\/krimperium.shop\/index.php?rest_route=\/wp\/v2\/types\/product"}],"replies":[{"embeddable":true,"href":"https:\/\/krimperium.shop\/index.php?rest_route=%2Fwp%2Fv2%2Fcomments&post=1711"}],"wp:featuredmedia":[{"embeddable":true,"href":"https:\/\/krimperium.shop\/index.php?rest_route=\/wp\/v2\/media\/1790"}],"wp:attachment":[{"href":"https:\/\/krimperium.shop\/index.php?rest_route=%2Fwp%2Fv2%2Fmedia&parent=1711"}],"wp:term":[{"taxonomy":"product_brand","embeddable":true,"href":"https:\/\/krimperium.shop\/index.php?rest_route=%2Fwp%2Fv2%2Fproduct_brand&post=1711"},{"taxonomy":"product_cat","embeddable":true,"href":"https:\/\/krimperium.shop\/index.php?rest_route=%2Fwp%2Fv2%2Fproduct_cat&post=1711"},{"taxonomy":"product_tag","embeddable":true,"href":"https:\/\/krimperium.shop\/index.php?rest_route=%2Fwp%2Fv2%2Fproduct_tag&post=1711"}],"curies":[{"name":"wp","href":"https:\/\/api.w.org\/{rel}","templated":true}]}}